 is divided by 186979.
11
What is the remainder when 16359 is divided by 193?
147
Calculate the remainder when 95 is divided by 39.
17
What is the remainder when 595 is divided by 103?
80
What is the remainder when 74778 is divided by 17?
12
Calculate the remainder when 1106513 is divided by 37.
28
What is the remainder when 10821 is divided by 271?
252
What is the remainder when 5555445 is divided by 152?
149
Calculate the remainder when 15428 is divided by 181.
43
What is the remainder when 36439 is divided by 18211?
17
Calculate the remainder when 1231 is divided by 452.
327
What is the remainder when 9886 is divided by 355?
301
Calculate the remainder when 13517 is divided by 6660.
197
Calculate the remainder when 34774 is divided by 17341.
92
What is the remainder when 860 is divided by 507?
353
What is the remainder when 5152 is divided by 66?
4
Calculate the remainder when 2243 is divided by 40.
3
What is the remainder when 5749 is divided by 5723?
26
Calculate the remainder when 116474 is divided by 116454.
20
Calculate the remainder when 20135 is divided by 17.
7
What is the remainder when 25601 is divided by 69?
2
What is the remainder when 115258 is divided by 126?
94
Calculate the remainder when 1363 is divided by 46.
29
Calculate the remainder when 46682 is divided by 91.
90
What is the remainder when 161027 is divided by 378?
377
What is the remainder when 3979 is divided by 259?
94
Calculate the remainder when 1366 is divided by 142.
88
What is the remainder when 584346 is divided by 36?
30
What is the remainder when 2899 is divided by 223?
0
What is the remainder when 1078 is divided by 24?
22
What is the remainder when 863 is divided by 65?
18
What is the remainder when 58524 is divided by 21?
18
Calculate the remainder when 1129 is divided by 840.
289
Calculate the remainder when 168 is divided by 3.
0
What is the remainder when 19638 is divided by 784?
38
What is the remainder when 3698 is divided by 8?
2
What is the remainder when 51186 is divided by 175?
86
What is the remainder when 81911 is divided by 46?
31
Calculate the remainder when 1846 is divided by 213.
142
Calculate the remainder when 871 is divided by 702.
169
What is the remainder when 124350 is divided by 2220?
30
Calculate the remainder when 1284 is divided by 364.
192
What is the remainder when 1341 is divided by 45?
36
Calculate the remainder when 95829 is divided by 74.
73
What is the remainder when 14468 is divided by 218?
80
What is the remainder when 19516 is divided by 9?
4
Calculate the remainder when 71880 is divided by 283.
281
What is the remainder when 53726 is divided by 349?
329
What is the remainder when 258642 is divided by 86182?
96
Calculate the remainder when 560 is divided by 528.
32
Calculate the remainder when 23225 is divided by 117.
59
What is the remainder when 24935 is divided by 172?
167
Calculate the remainder when 11579 is divided by 181.
176
What is the remainder when 36780 is divided by 431?
145
Calculate the remainder when 121 is divided by 106.
15
What is the remainder when 1210554 is divided by 41?
29
Calculate the remainder when 21395 is divided by 46.
5
What is the remainder when 1731 is divided by 556?
63
Calculate the remainder when 977 is divided by 232.
49
Calculate the remainder when 47842 is divided by 66.
58
Calculate the remainder when 61848 is divided by 127.
126
What is the remainder when 45022 is divided by 634?
8
Calculate the remainder when 7889 is divided by 2628.
5
Calculate the remainder when 23673 is divided by 624.
585
What is the remainder when 85556 is divided by 44?
20
What is the remainder when 159161 is divided by 13?
2
Calculate the remainder when 98898 is divided by 1705.
8
What is the remainder when 653371 is divided by 21?
19
What is the remainder when 36349 is divided by 25?
24
Calculate the remainder when 2458 is divided by 2357.
101
Calculate the remainder when 76878 is divided by 76866.
12
Calculate the remainder when 23355 is divided by 1231.
1197
Calculate the remainder when 58489 is divided by 1949.
19
Calculate the remainder when 8926 is divided by 208.
190
Calculate the remainder when 551374 is divided by 12.
10
Calculate the remainder when 544594 is divided by 13.
11
What is the remainder when 763433 is divided by 126?
125
What is the remainder when 22679 is divided by 162?
161
Calculate the remainder when 3807 is divided by 346.
1
What is the remainder when 6391267 is divided by 1643?
1640
Calculate the remainder when 6348 is divided by 353.
347
Calculate the remainder when 17183 is divided by 5719.
26
What is the remainder when 26831 is divided by 813?
2
Calculate the remainder when 12012307 is divided by 301.
300
What is the remainder when 6944 is divided by 6926?
18
What is the remainder when 2906 is divided by 186?
116
What is the remainder when 174599 is divided by 970?
969
Calculate the remainder when 1780672 is divided by 4.
0
Calculate the remainder when 2483 is divided by 56.
19
Calculate the remainder when 1389520 is divided by 766.
762
Calculate the remainder when 1085 is divided by 345.
50
Calculate the remainder when 886 is divided by 147.
4
Calculate the remainder when 5857 is divided by 178.
161
What is the remainder when 3249 is divided by 3237?
12
Calculate the remainder when 63644 is divided by 32.
28
What is the remainder when 94116 is divided by 11763?
12
What is the remainder when 817 is divided by 239?
100
What is the remainder when 1071 is divided by 81?
18
Calculate the remainder when 4756 is divided by 673.
45
Calculate the remainder when 804668 is divided by 132.
128
What is the remainder when 6500050 is divided by 161?
158
Calculate the remainder when 831012 is divided by 531.
528
What is the remainder when 64645 is divided by 217?
196
What is the remainder when 7573 is divided by 581?
20
What is the remainder when 143255 is divided by 1023?
35
Calculate the remainder when 31447 is divided by 24.
7
What is the remainder when 3918 is divided by 1296?
30
Calculate the remainder when 7555 is divided by 233.
99
What is the remainder when 19266 is divided by 116?
10
Calculate the remainder when 23431 is divided by 11706.
19
What is the remainder when 115565 is divided by 75?
65
What is the remainder when 21800 is divided by 606?
590
Calculate the remainder when 100863 is divided by 131.
124
What is the remainder when 2446 is divided by 613?
607
Calculate the remainder when 291 is divided by 4.
3
Calculate the remainder when 28930 is divided by 21.
13
What is the remainder when 49074 is divided by 123?
120
Calculate the remainder when 8912 is divided by 6.
2
Calculate the remainder when 214124 is divided by 375.
374
What is the remainder when 2120 is divided by 1042?
36
Calculate the remainder when 14778 is divided by 422.
8
Calculate the remainder when 600 is divided by 132.
72
Calculate the remainder when 23732 is divided by 987.
44
Calculate the remainder when 8379 is divided by 120.
99
Calculate the remainder when 85946 is divided by 955.
951
Calculate the remainder when 9967 is divided by 591.
511
Calculate the remainder when 518 is divided by 30.
8
What is the remainder when 10413 is divided by 5201?
11
Calculate the remainder when 50211 is divided by 405.
396
What is the remainder when 2048 is divided by 1807?
241
What is the remainder when 1862 is divided by 18?
8
What is the remainder when 3941 is divided by 1276?
113
What is the remainder when 20739 is divided by 280?
19
What is the remainder when 8530 is divided by 82?
2
Calculate the remainder when 412117 is divided by 37465.
2
Calculate the remainder when 17049 is divided by 1005.
969
What is the remainder when 23121 is divided by 667?
443
What is the remainder when 2281155 is divided by 562?
559
What is the remainder when 5588307 is divided by 22?
21
Calculate the remainder when 5781 is divided by 1918.
27
What is the remainder when 342239 is divided by 93?
92
Calculate the remainder when 68700 is divided by 113.
109
What is the remainder when 16475 is divided by 85?
70
What is the remainder when 8614 is divided by 51?
46
Calculate the remainder when 42181 is divided by 295.
291
What is the remainder when 3374 is divided by 3354?
20
Calculate the remainder when 114 is divided by 14.
2
What is the 